- 5*o + 78 = b. Calculate the greatest common factor of o and 117.
13
Let x(h) = -3*h + 3. Let t be x(-6). Let c be (t - 1)*(-11)/(-2). Suppose -3*l + 5*s + 6 + c = 0, -3*s + 52 = 2*l. What is the highest common factor of l and 8?
8
Suppose 0*j + 10875 = 5*j. What is the greatest common factor of 150 and j?
75
Let a = 68 - -2452. Calculate the greatest common divisor of a and 490.
70
Let x be ((-24)/18)/((-28)/525). What is the greatest common factor of 5900 and x?
25
Let k(b) = b**3 + 30*b**2 - 70*b + 4. Suppose 8*g + 448 = -6*g. Let j be k(g). What is the greatest common factor of j and 42?
14
Let n be (5 - -3)*(3 + 10/(-4)). Suppose 0*g + 12 = -4*g - n*m, -g - 9 = 3*m. Suppose 60 = -g*j + 6*j. Calculate the highest common divisor of 5 and j.
5
Suppose 0 = 4*s, s + s - 224 = -v. Suppose 0 = 15*h - 48 - 153 - 9. What is the highest common factor of h and v?
14
Suppose 92*x - 2304 = 44*x. What is the highest common divisor of x and 72?
24
Let p(m) = m**2 + 20*m + 79. Let q(d) = 10*d**2 + 39*d - 8. Let s be q(-4). Let j be p(s). What is the greatest common divisor of j and 111?
3
Let z(g) = g**2 - 16*g - 399. Let i be z(30). Calculate the highest common divisor of 4074 and i.
21
Suppose 157 = 4*l + 3*r, -3 = r + 2*r. Let q(j) = -2*j**3 - 9*j**2 + 66. Let u be q(-4). What is the highest common factor of l and u?
10
Let i be 1/(39/(-540))*(-10660)/1640. Let w be ((-390)/4)/1*-2. Calculate the greatest common divisor of i and w.
15
Let g = 250 + -248. Suppose -g*k + 90 = -3*a, 2*a + 48 = k - a. Calculate the greatest common factor of 30 and k.
6
Let k be 7 + 2 + 1 + -1. Let q be 350/22 + 10/110. Let t(p) = -p**2 + 17*p + 2. Let o be t(q). What is the greatest common divisor of o and k?
9
Suppose 127*d - 26506 - 10832 = 0. Calculate the greatest common divisor of 2 and d.
2
Let u(r) = 138*r + 480. Let n be u(-1). Calculate the greatest common divisor of n and 874.
38
Let j be (0 + 2 - 1) + -50. Suppose 0 = 5*k + 10, 2*k = r - 60 + 85. Let z = r - j. What is the greatest common divisor of z and 220?
20
Let x(d) = -10*d + 49. Let s be x(15). Let v = 186 + s. Calculate the greatest common divisor of v and 17.
17
Let w be (-2 - 0)/((-14)/245). Suppose 3*b + 12 = 7*b. Suppose -10 = c - b*c. What is the greatest common factor of c and w?
5
Let v(c) = -c**3 + 15*c**2 - 3*c + 47. Let y be v(15). Suppose 9 - 32 = -y*p - l, p - 22 = -4*l. Calculate the highest common divisor of p and 1730.
10
Let z be (-609)/(-3) + 0 + 0. Suppose -7*o = 3*o - 200. Suppose t + 83 = 3*y, t = 4*y + o - 132. Calculate the highest common divisor of y and z.
29
Suppose -72 = -2*b - 24. Suppose -240*j + 238*j + b = 0. What is the greatest common divisor of 96 and j?
12
Let y be 232/(-24) - (-1)/3*-1. Let t(l) = -7*l - 64. Let p be t(y). Calculate the greatest common divisor of 24 and p.
6
Let n = 80 - 85. Let d = 139 - n. Calculate the greatest common divisor of 32 and d.
16
Let a(r) = 22*r**2 + 28*r - 33. Let o(m) = 10*m**2 + 14*m - 17. Let q(k) = -4*a(k) + 9*o(k). Let l be q(12). What is the highest common divisor of 5 and l?
5
Let s be 9/4*(-4)/(-3). Suppose -8*y - 415 = -2*a - s*y, 2*a = 3*y + 417. What is the highest common factor of 280 and a?
70
Suppose 2*f + g - 27 = -3, 4*g - 48 = -4*f. Let x = -606 - -626. Calculate the greatest common divisor of f and x.
4
Let k(o) = -o - 1. Let d be k(-6). Suppose -1120 = -d*q + q. Suppose -11*u + q = -6*u. Calculate the greatest common factor of u and 392.
56
Suppose 4641 = -4*a - 3*z, -760 = a - z + 409. Let s = -716 - a. What is the highest common divisor of 56 and s?
56
Let f(o) = 9*o + 211. Let l be f(-22). Suppose 12*g = l*g + 4*a - 63, 3*a = -4*g + 239. What is the greatest common divisor of 1003 and g?
59
Suppose -2*c - 4*n + 16340 = 0, 3*c - 3*n - 13189 - 11258 = 0. Calculate the greatest common factor of c and 4.
4
Let z(r) = r - 18. Let x be z(9). Let m = 48 - x. Suppose -3*o + 18 = -3*v + m, 0 = -v - 2*o + 4. What is the greatest common divisor of v and 5?
5
Let d(k) = k - 8. Let v be d(-12). Let s = v - -29. Suppose -5*c - 71 + 1160 = 6*c. What is the greatest common divisor of s and c?
9
Suppose -4*r = y - 1059, -5*r - 8*y + 3*y + 1320 = 0. Let d = r - 151. What is the highest common factor of 18 and d?
6
Suppose -7*k - 16 = -100. Let y be 6 + (-44)/k - (-2)/3. Let n be y/(-9) + (-964)/(-12). What is the greatest common factor of n and 10?
10
Suppose 3*r + 34197 = 5*t, -3*t - 1093*r + 1097*r = -20527. Calculate the greatest common divisor of t and 86.
43
Let z(d) = 5*d + 91. Let j be z(0). What is the highest common divisor of j and 234?
13
Let p be (-428)/(-22) - 1656/(-3036). What is the greatest common factor of 33340 and p?
20
Let z be -6 + (0 - -1) + (4 - -6). Suppose -2*j - 2*j + 189 = -s, 159 = 4*j + z*s. What is the highest common factor of j and 276?
46
Suppose -14*x + 20 = -22. Suppose f + h + 212 = 4*f, 5*h = x*f - 196. Calculate the greatest common divisor of 27 and f.
9
Let n = -255 - -1899. What is the greatest common divisor of 168 and n?
12
Suppose -4*h + y = -1018, -2*y + 1090 + 714 = 7*h. Calculate the highest common divisor of h and 4064.
32
Let o be 4/6 - (-5)/(-15)*-1. Let u be (4/o - 1) + -1. Suppose 0 = u*z + 5*z - 385. What is the highest common factor of 11 and z?
11
Let b = 1 - -1. Let p = 35 + -35. Suppose 0 = -i - 2*l + 28, p = i - 0*l - b*l - 20. Calculate the highest common divisor of 60 and i.
12
Let v be 16*(85/(-4) + 22). Suppose -2*q = 2*r - 60, 0*r + r = 5*q - 138. Calculate the greatest common factor of q and v.
4
Let x(g) = 2*g - 4. Let i be x(3). Let h(k) = -2*k**2 - k + 15. Let c be h(-4). Let t be (-28)/c - 2/13. Calculate the greatest common divisor of t and i.
2
Suppose 299 = 2*z + 3*l, 9*z = 4*z - l + 741. Suppose 149 + z = 3*m. Suppose -46*y = -37*y - 99. What is the highest common factor of m and y?
11
Let v be -183*2/8*4/(-3). Let i = -47 + v. Suppose 560 = 32*h - 24*h. What is the highest common factor of h and i?
14
Let d(s) = -80*s. Let k be d(-1). Suppose -13994*r = -14016*r + 440. Calculate the greatest common divisor of r and k.
20
Let v(t) = 825*t - 8245. Let d be v(10). What is the greatest common factor of 6530 and d?
5
Suppose -l + 21 = 6. Suppose -75*u + 82440 = -79*u. Let p be u/(-270) + (-4)/3. What is the greatest common factor of p and l?
15
Suppose -30*w + 412 = -518. Suppose -3*l - 55 = 3*m - 73, -2*l = -m. Calculate the greatest common factor of l and w.
1
Let m(y) = -20*y + 24. Let t be 28/(-4) + 4 - -6. Suppose -f + 4*s = 5*s + t, 2*f + 9 = -s. Let q be m(f). What is the greatest common factor of 16 and q?
16
Suppose 1757 = 54*r - 12497 - 17066. Let j = 47 + -27. Calculate the greatest common divisor of j and r.
20
Let f(j) = -7*j**2 - 5*j - 16. Let g be f(-5). Let i = 94 + g. Let k = i - -102. Calculate the greatest common factor of 12 and k.
6
Let t be 4/(15*(-8)/(-2280)). Calculate the highest common divisor of 26106 and t.
38
Let u = 295099 + -295071. Let s(k) = k - 2. Let l be s(6). Calculate the greatest common factor of u and l.
4
Let x be ((-130)/8)/5*(-47)/((-846)/(-216)). Calculate the highest common factor of 2483 and x.
13
Let j be ((-1206)/804)/(1/(-2976) + 0). What is the highest common divisor of 360 and j?
72
Let x = 2380 - 2335. Calculate the greatest common factor of x and 2985.
15
Suppose -2529 = -18*q - 315. Suppose 4*v - 487 + 1 = 2*j, j = v - q. Calculate the greatest common factor of v and 24.
24
Suppose -20*u = -u - 4199. Let z = 292 - u. Calculate the highest common divisor of 71 and z.
71
Let t(s) = 12*s + 40. Let v be t(-3). Suppose -1144 = -v*x + 264. What is the greatest common divisor of 110 and x?
22
Let o(s) = -19*s + 190. Suppose 0 = -x + b + 12, -3 - 5 = x + 4*b. Let n be o(x). Suppose 0 = -3*z + 66 + 276. Calculate the greatest common factor of n and z.
38
Let a = 67 - 46. Let t(x) = 2 + x**2 + 20*x - 3 - 7*x - 1. Let d be t(-15). What is the greatest common factor of d and a?
7
Suppose 0*f = -3*f + 702. Suppose -3*q + 117 = 6*q. What is the highest common factor of f and q?
13
Suppose -27*w + 975 = -2*w. Suppose -2*d + 112*p + w = 109*p, -5*p = 5. What is the greatest common factor of 576 and d?
18
Let y(c) = -65*c - 4335. Let p be y(-75). Calculate the greatest common factor of 2376 and p.
108
Suppose -4*w + 5070 = 2